What is the tens digit of 6765467?
6
What is the ten thousands digit of 1114611?
1
What is the thousands digit of 594391?
4
What is the units digit of 4936?
6
What is the hundreds digit of 219193?
1
What is the hundred thousands digit of 10984210?
9
What is the thousands digit of 3273363?
3
What is the tens digit of 1287177?
7
What is the units digit of 793729?
9
What is the units digit of 1008901?
1
What is the units digit of 16735299?
9
What is the tens digit of 204619?
1
What is the hundreds digit of 712256?
2
What is the hundreds digit of 521606?
6
What is the ten thousands digit of 1767568?
6
What is the hundred thousands digit of 337648?
3
What is the ten thousands digit of 32645172?
4
What is the tens digit of 67824?
2
What is the tens digit of 3888498?
9
What is the thousands digit of 758031?
8
What is the ten thousands digit of 1655359?
5
What is the hundred thousands digit of 12921145?
9
What is the ten millions digit of 18675989?
1
What is the ten thousands digit of 51975?
5
What is the units digit of 37042?
2
What is the ten thousands digit of 71919?
7
What is the units digit of 44676?
6
What is the tens digit of 382705?
0
What is the thousands digit of 7431574?
1
What is the ten thousands digit of 591611?
9
What is the tens digit of 427985?
8
What is the units digit of 36790725?
5
What is the hundred thousands digit of 143181?
1
What is the units digit of 8362709?
9
What is the units digit of 1561093?
3
What is the ten thousands digit of 3159248?
5
What is the hundred thousands digit of 13173441?
1
What is the ten thousands digit of 3193013?
9
What is the ten thousands digit of 7392477?
9
What is the ten thousands digit of 107403?
0
What is the hundred thousands digit of 878464?
8
What is the thousands digit of 4528130?
8
What is the hundred thousands digit of 922304?
9
What is the ten thousands digit of 369367?
6
What is the hundreds digit of 72088?
0
What is the thousands digit of 8005116?
5
What is the tens digit of 1142804?
0
What is the thousands digit of 463418?
3
What is the thousands digit of 105317?
5
What is the thousands digit of 257483?
7
What is the tens digit of 264826?
2
What is the ten thousands digit of 2241261?
4
What is the millions digit of 3562300?
3
What is the hundreds digit of 3527659?
6
What is the hundred thousands digit of 639682?
6
What is the hundreds digit of 305360?
3
What is the tens digit of 2569548?
4
What is the thousands digit of 6670605?
0
What is the hundred thousands digit of 319144?
3
What is the tens digit of 549352?
5
What is the tens digit of 2683952?
5
What is the thousands digit of 328226?
8
What is the ten thousands digit of 400745?
0
What is the ten thousands digit of 35848?
3
What is the ten thousands digit of 4955932?
5
What is the hundred thousands digit of 624418?
6
What is the tens digit of 830738?
3
What is the thousands digit of 60782?
0
What is the tens digit of 255793?
9
What is the thousands digit of 151446?
1
What is the units digit of 72642?
2
What is the ten thousands digit of 15914507?
1
What is the units digit of 178131?
1
What is the ten thousands digit of 835813?
3
What is the ten thousands digit of 145469?
4
What is the hundreds digit of 2315906?
9
What is the hundreds digit of 173860?
8
What is the hundred thousands digit of 592742?
5
What is the units digit of 3275383?
3
What is the hundreds digit of 2449466?
4
What is the millions digit of 13618726?
3
What is the millions digit of 10454622?
0
What is the hundred thousands digit of 2464891?
4
What is the thousands digit of 3666197?
6
What is the units digit of 452197?
7
What is the hundreds digit of 590050?
0
What is the units digit of 27458?
8
What is the tens digit of 4283760?
6
What is the ten thousands digit of 148091?
4
What is the tens digit of 2668163?
6
What is the tens digit of 2757771?
7
What is the ten thousands digit of 640648?
4
What is the thousands digit of 310627?
0
What is the thousands digit of 23845?
3
What is the thousands digit of 695979?
5
What is the hundred thousands digit of 2223304?
2
What is the units digit of 703839?
9
What is the units digit of 668554?
4
What is the hundred thousands digit of 19450827?
4
What is the ten thousands digit of 154911?
5
What is the ten thousands digit of 373520?
7
What is the tens digit of 6334714?
1
What is the units digit of 1437275?
5
What is the ten thousands digit of 841222?
4
What is the thousands digit of 3672504?
2
What is the tens digit of 341855?
5
What is the units digit of 10457287?
7
What is the ten thousands digit of 23325683?
2
What is the millions digit of 5301977?
5
What is the thousands digit of 22823432?
3
What is the tens digit of 4532998?
9
What is the hundred thousands digit of 15448684?
4
What is the hundreds digit of 548409?
4
What is the units digit of 1840880?
0
What is the hundreds digit of 112016?
0
What is the tens digit of 8406672?
7
What is the millions digit of 1899027?
1
What is the thousands digit of 236746?
6
What is the units digit of 24012503?
3
What is the hundreds digit of 882770?
7
What is the units digit of 44179290?
0
What is the units digit of 5580080?
0
What is the millions digit of 9973845?
9
What is the tens digit of 322103?
0
What is the millions digit of 4432160?
4
What is the ten millions digit of 12224232?
1
What is the units digit of 266080?
0
What is the millions digit of 10862893?
0
What is the hundreds digit of 602452?
4
What is the ten thousands digit of 194124?
9
What is the hundred thousands digit of 5919553?
9
What is the units digit of 1046115?
5
What is the hundred thousands digit of 244133?
2
What is the thousands digit of 190810?
0
What is the hundred thousands digit of 220233?
2
What is the tens digit of 2171678?
7
What is the units digit of 2285888?
8
What is the hundred thousands digit of 297652?
2
What is the tens digit of 49640?
4
What is the units digit of 4100034?
4
What is the hundreds digit of 22218855?
8
What is the ten thousands digit of 227335?
2
What is the tens digit of 2106854?
5
What is the hundreds digit of 7165015?
0
What is the hundred thousands digit of 412518?
4
What is the thousands digit of 1736922?
6
What is the ten thousands digit of 94269?
9
What is the ten thousands digit of 6673520?
7
What is the millions digit of 12549506?
2
What is the thousands digit of 17215207?
5
What is the ten thousands digit of 32368075?
6
What is the ten thousands digit of 3403919?
0
What is the tens digit of 7720700?
0
What is the hundreds digit of 681475?
4
What is the units digit of 34542?
2
What is the millions digit of 6318122?
6
What is the hundred thousands digit of 1305019?
3
What is the units digit of 23957633?
3
What is the millions digit of 20598583?
0
What is the hundreds digit of 3696879?
8
What is the hundred thousands digit of 305030?
3
What is the ten thousands digit of 281303?
8
What is the tens digit of 4675598?
9
What is the units digit of 399591?
1
What is the ten millions digit of 36497049?
3
What is the units digit of 6296604?
4
What is the millions digit of 16852872?
6
What is the ten thousands digit of 113524?
1
What is the ten thousands digit of 222139?
2
What is the thousands digit of 348127?
8
What is the hundred thousands digit of 659340?
6
What is the hundred thousands digit of 326287?
3
What is the ten thousands digit of 3179725?
7
What is the hundreds digit of 1858281?
2
What is the hundred thousands digit of 24957745?
9
What is the ten thousands digit of 845509?
4
What is the hundred thousands digit of 26775214?
7
What is the units digit of 693363?
3
What is the hundreds digit of 3474246?
2
What is the hundreds digit of 98975?
9
What is the units digit of 31207380?
0
What is the hundred thousands digit of 563867?
5
What is the hundreds digit of 10180303?
3
What is the ten millions digit of 10332277?
1
What is the ten thousands digit of 260788?
6
What is the hundreds digit of 166483?
4
What is the units digit of 5522740?
0
What is the ten thousands digit of 4099895?
9
What is the hundreds digit of 5629711?
7
What is the units digit of 154393?
3
What is the thousands digit of 818228?
8
What is the thousands digit of 152696?
2
What is the units digit of 750553?
3
What is the tens digit of 33921?
2
What is the tens digit of 817283?
8
What is the hundreds digit o